 -7*g - 16 = -11*g. Suppose -5*o + 1430 = -5*y, 2*o - g*y = -0*o + 570. Is o a composite number?
True
Suppose -v = -5*s + 45 + 16, -2*s + v = -25. Suppose 2*w - 5*w = -s. Suppose 90 = 4*n + a, n + w*n = -2*a + 114. Is n a prime number?
False
Let v = -1 + 5. Suppose -4*l + 2*l = 4*n - 1020, v*n - 1040 = 3*l. Is n a composite number?
False
Let r = -14029 - -29790. Is r a composite number?
False
Let z = -338 + 644. Suppose -2*d = -5*d - z. Let k = d - -157. Is k prime?
False
Let w(x) = 95*x - 38. Is w(5) a prime number?
False
Let j(x) = x**3 - 17*x**2 + 6*x + 3. Let d(q) = q**3 - 18*q**2 + 7*q + 4. Let w(k) = -4*d(k) + 5*j(k). Is w(13) a prime number?
False
Let z(p) = -4*p**3 + 2*p**2 - 2*p - 2. Let v be z(-2). Let h = 71 + v. Is h prime?
True
Let g(f) = 17*f - 21. Suppose -3*t = c - 25, -5*t + 55 = c + 2*c. Is g(c) prime?
True
Suppose 4*x - 989 = -109. Suppose -5*r = -r - x. Is r prime?
False
Let h(k) = k**2 - 4*k. Let v be h(5). Suppose 0*f + v = a - f, -25 = -5*a - 3*f. Suppose -4*j = a*s - 126, 0 = s + j - 0*j - 26. Is s composite?
True
Let y = -3 + 2. Let a be -6*(y + (-2)/(-3)). Is (-3 + a)*1*-15 prime?
False
Let o = 7 + 58. Is o a prime number?
False
Let h = 26 + -53. Let c = h + 53. Suppose -c - 62 = -4*d. Is d a prime number?
False
Suppose t - 3*t = -3*j + 1255, 3*j = -t + 1240. Is j a prime number?
False
Let i be 2/12 - (-1)/(-6). Suppose -1108 = -4*q + 4*k, -3*q + 5*k - 3*k + 827 = i. Suppose 3*s + 5*n - 169 = 0, -5*s - 2*n - 2*n + q = 0. Is s a prime number?
True
Let n = 1 + 2. Suppose 2 - 11 = -n*b. Is 1 + 18 + -3 + b composite?
False
Suppose -1 = 5*o + 4. Is -10*(10/(-4) + o) composite?
True
Let s(k) = -4*k**3 + 3*k - k**2 - 2*k + k**3 + 1. Let n be s(-1). Suppose -n*x - x = -3, 5*x + 455 = 4*p. Is p a composite number?
True
Let b = -4 - 11. Let y be (-12)/(-15)*b/(-6). Suppose -2*t + j + 50 = -t, 3*t - y*j - 153 = 0. Is t prime?
True
Let c = -81 - -134. Is c a composite number?
False
Suppose -2567 = -8*v + 5121. Is v a composite number?
True
Let l = -118 + 297. Is l a composite number?
False
Let j(h) be the third derivative of -3*h**4/8 + 11*h**3/6 + h**2. Let y = 13 - 21. Is j(y) composite?
False
Let y(t) = -t + 1. Let f be y(-6). Suppose -69 = -8*p + f*p. Is p a prime number?
False
Let o(y) = y**2 + 2*y + 2. Let m be o(-8). Suppose 0 = -w - 3 + m. Is w composite?
False
Is 1 + 15/(-21) + 486/14 a prime number?
False
Suppose -4*h + 5*l - 44 = 0, 5*h + l + 55 = -2*l. Is h*(-3)/(3/5) a composite number?
True
Let s(y) = 55*y + 2. Let j be s(6). Suppose -3*t + j = t. Is t a prime number?
True
Let z(x) = -x**3 - 15*x - 60 + 15*x + 187. Is z(0) prime?
True
Is (-82)/((40/(-145))/4) composite?
True
Let f(x) = x**2 - x + 1. Let a be 6 + 3 + -4 - -1. Is f(a) prime?
True
Suppose -2*u - 3387 = -5*t, -u = 4*t + 88 - 2808. Is t prime?
False
Let x = 11 + 4. Let d be -18*(2 - x/6). Let i = d + 26. Is i prime?
False
Suppose -s - 1 = -2*s. Let j = 33 + s. Let p = -15 + j. Is p a composite number?
False
Suppose -958 - 17036 = -6*y. Is y prime?
True
Let h be 2/6*(14 - 2). Suppose -526 = -5*u - m + 131, -385 = -3*u + h*m. Is u prime?
True
Let t = -345 + 604. Is t a composite number?
True
Let v = 85 + 8. Is v a prime number?
False
Let z(p) = p**3 + 5*p**2 - 6*p - 3. Let q be z(-6). Is -2 + -1*372/q prime?
False
Let g = 3162 + -305. Is g prime?
True
Suppose d - 184 = 175. Is d prime?
True
Let u be (-313)/9 + (-2)/9. Let z = 86 + u. Is (-1 + z/(-6))*-2 prime?
True
Let q = 351 - -502. Is q a prime number?
True
Suppose 5*i = -3*l + 24, 2*i + 0*i - 5*l = 22. Let t be -15*(-3)/(6 - -3). Suppose t*c = i + 4. Is c composite?
False
Let z(r) = 2*r**3 - 11*r**2 - 6*r + 8. Is z(9) prime?
True
Suppose 2*x + 0*c - 2*c = 1088, -3*x = 3*c - 1614. Is x a composite number?
False
Suppose 11*j = 8*j + 39. Let h = 0 + 2. Is j/h - (-2)/4 prime?
True
Let d = -1 - -3. Suppose 31 = -d*c - 149. Let m = -37 - c. Is m a prime number?
True
Let w(y) = 5*y + y**2 - y - 1 - y - 4*y. Is w(5) a composite number?
False
Suppose v = 4*v. Suppose v = h + 3 - 5. Suppose h*q = 6, 5*k + 4*q - 238 = 3*q. Is k prime?
True
Suppose 3*z + 425 = 3*u - 520, -4*u - 2*z = -1278. Is (-2 - -2) + -1 + u composite?
False
Suppose 5*i = -204 + 1129. Is i a composite number?
True
Is (-4 - (-1 - 48)) + 4 a composite number?
True
Suppose 0*s = 3*s - 12. Suppose 0*h - 2*h = -c - 69, -4*c = -s*h + 144. Is h composite?
True
Suppose -x + 2*x + 1 = 0. Let a = -23 + 38. Let i = x + a. Is i a prime number?
False
Let f(q) = -15*q + 5. Is f(-4) composite?
True
Let s(i) = 5*i**2. Let y be s(-1). Let w = y - 9. Let m(f) = -8*f + 5. Is m(w) a prime number?
True
Let h(i) = i**2 - 3*i + 2. Let f be h(2). Suppose 2*a + 25 = 4*s + s, 0 = s - 5*a - 5. Suppose -275 = -s*t - f*t. Is t composite?
True
Suppose -5*v = -0*v + 30. Let u be (-6 - v)/(2 - 0). Suppose -z = -u*z - 6. Is z a composite number?
True
Suppose 2*y - 54 = m, -y = 3*y - 4*m - 108. Suppose 0 = -2*w - 5*j + y, 2*j - 7 = -3*w + 39. Let f = 33 + w. Is f a prime number?
False
Suppose 0*r - 2*r + g + 502 = 0, 2*r = -g + 510. Is r a prime number?
False
Suppose 0*d + 363 = 3*d. Is d a composite number?
True
Let m = 4 - 7. Let k be m/(-1)*789/9. Suppose -k = -4*w + 93. Is w a prime number?
True
Let b(v) = 33*v**2 + 5*v - 5. Is b(3) a prime number?
True
Let k(c) = 3*c**3 - 2*c**2 + 2*c - 1. Let n be k(1). Suppose -7*p + 2*p + 98 = n*w, 101 = 3*w - 4*p. Is w a composite number?
True
Let l = 147 + -88. Is l a prime number?
True
Is 148 - (7 + -3 + -1) a composite number?
True
Suppose -v - a + 6 = 0, -a - 2*a = 4*v - 20. Is (-102)/12*(-20)/v a composite number?
True
Let f = 10 - 6. Suppose 0 = 2*m - f*h - 46, -4*m = 3*h - 155 + 19. Is m composite?
False
Let v = -2 - 5. Is 2/v - 2958/(-14) prime?
True
Let i(h) = 77*h - 71. Is i(22) a prime number?
False
Let n = -3 + 5. Let l(m) = 46*m - m**2 + 2 - 4 - n*m**3 - 46*m. Is l(-2) prime?
False
Suppose -2*p + 5*p - 45 = 0. Let y be 295/(-2)*(-12)/p. Let l = -65 + y. Is l a composite number?
False
Suppose -5*i = -10, -2*h + 0*i + 1516 = i. Is h a composite number?
False
Let z = 6 + -7. Let m(p) = 51*p**2. Is m(z) a prime number?
False
Suppose -3*d + 2*d - 229 = 0. Let a = d - -475. Suppose -5*v = -a - 239. Is v prime?
True
Suppose 4*j - 4 = 4. Suppose 0 = -j*g - g + 105. Is g a prime number?
False
Let q(y) = 9*y - 3. Let k be q(-3). Is k*(3 + -4) - -1 prime?
True
Let z(u) = -18*u + 7. Let t = 6 + -3. Suppose 0 = h + t*h + 20. Is z(h) a composite number?
False
Let j = -20 - 0. Is j/(-50) + 1253/5 a composite number?
False
Let n(m) = 4*m**2 - 6*m - 7. Is n(-12) composite?
False
Suppose 5*z = -0*z + 955. Is z a composite number?
False
Let r = -26 + 17. Let f be (1 + -3)/(2/r). Is (12/f)/(4/30) prime?
False
Let q(w) be the first derivative of w**5/30 - w**4/3 - 4*w**3/3 + w**2 - 1. Let o(k) be the second derivative of q(k). Is o(7) a composite number?
True
Let m(s) = 5 - 4*s**2 + 2*s**2 + 2*s**3 - 3*s**3 + s**2 + 7*s. Is m(-4) prime?
False
Let a(x) = -x**3 - 14*x**2 - 16*x - 12. Let r be a(-13). Let v = 58 - r. Is v a composite number?
False
Let z = 292 - 140. Let c = z + -39. Is c a composite number?
False
Let k(j) = -j**3 + 3*j**2 + 2. Let a be k(3). Is (0 - -2*109)/a a composite number?
False
Is (6/(-4))/(30/(-5830))*2 a composite number?
True
Let u(o) = 3*o**2 + 2*o + 8. Let c(m) = 6*m**2 + 5*m + 17. Let f(w) = -4*c(w) + 9*u(w). Is f(-5) a prime number?
True
Let q = -3486 - -5537. Is q composite?
True
Is (-13 - 1)*22/(-4) prime?
False
Let a(g) = -g**2 - 14*g + 5. Let k be a(-6). Let h = 1 - 4. Is (0/h - 0) + k a prime number?
True
Suppose 6 = 5*q - 2*q. Suppose -2*f = q*f - 652. Is f composite?
False
Let h(d) = -d + 10. Let a be h(7). Suppose a*t = 4*t. Suppose -2*l + 9 + 19 = t. Is l a prime number?
False
Suppose 498 = 23*c - 20*c. Is c a prime number?
False
Let c(s) = s**2 + 4*s + 3. Let w be c(-3). Suppose w = -3*r + 57 + 108. Is r prime?
False
Let o be (-2 - -1)*-2*2. Let a(n) = 10*n + 4. Let q be a(o). Suppose 27 = t - 3*c + 5*c, -2*t = -c - q. Is t prime?
True
Suppose -492 = -4*g + 5*j, 4*j + 216 = 4*g - 280. Let i = g + -75. Is i a composite number?
False
Let y(k) = 7*k**3 - 2*k**2 + 1. Let q be y(1). Let l = q + 9. Is l a composite number?
True
Suppose 0 = 3*a - 2*l - 3479, 4*l - 4612 = -a - 3*a. Is a prime?
False
Suppose 